-b - 2*b + 6141. Is b a composite number?
True
Let n(a) = -a**3 - 4*a**2 - 3*a. Let d be n(-3). Suppose -13 = -5*l - r + 2, r = d. Is l prime?
True
Is (-143)/(-1)*(-9)/(-9) a prime number?
False
Let q(r) = r**2 - 4*r + 6. Suppose 11 = -2*j + 3*j. Is q(j) composite?
False
Suppose 2*x = 46 + 8. Suppose 112 = n + x. Is n a composite number?
True
Let y = 23 + -15. Suppose -4*c = -5*h + 27, -y*h + c + 18 = -3*h. Suppose 103 = w + h*z, w + 5*z + 14 = 125. Is w prime?
False
Let y be ((-240)/14)/(12/126). Let c = -101 - y. Is c a composite number?
False
Suppose -14 = 2*h - 2. Let y(z) = -41*z - 5. Let j be y(h). Suppose -9 = -3*f, 0*f = -2*p - f + j. Is p prime?
False
Is 194/(1 + 1)*2/2 a composite number?
False
Suppose -6*q = -4*q - 334. Is q a prime number?
True
Let d(a) = 3*a**3 + a**2 - 2*a - 1. Let o be d(4). Let t = 318 - o. Is t prime?
False
Let r be 8/(-2)*3/6. Let k be (3*-1 - r)*-4. Suppose -85 = -k*d - 33. Is d a prime number?
True
Let y = -5 + 9. Suppose 4*f + y*g = -84, 3*f + 2*g + 29 + 35 = 0. Let a = 15 - f. Is a a prime number?
True
Suppose 0 = -3*o + 4*o - 8. Suppose 2*a + o = 4*a. Suppose -3*q + 277 = 5*r, -2*r + a*r - 4*q = 90. Is r a prime number?
True
Let m be (2 - 2)/(-2 - 0). Suppose -5*l + 3*b = -104 - 176, m = -4*l - 3*b + 224. Is l/9 - 2/9 prime?
False
Let l(p) = 19*p**2 + 5*p - 5. Let r = 7 + -8. Let i be 2/((-4)/(-10)*r). Is l(i) composite?
True
Suppose 3*m + 4*q - q - 2208 = 0, -q = 5*m - 3684. Is m composite?
True
Let b = 225 - 130. Suppose -2*c + 6*c - 24 = 0. Suppose b = -f + c*f. Is f a composite number?
False
Let o be ((-112)/(-20))/((-2)/(-5)). Is (-6)/(-21) - (-1186)/o a composite number?
True
Suppose -3*p - 2051 = -5*b, 4*b + 5*p - 1663 = -0*b. Let a = 879 - b. Is a prime?
True
Let l = -201 + 686. Is l prime?
False
Let h(w) be the first derivative of 10*w**3/3 + 3*w**2/2 + 2*w + 3. Is h(-3) a prime number?
True
Let o(z) = 20*z**3 - 2*z**2 - 3*z + 4. Is o(1) a composite number?
False
Let n be ((-14)/(-4))/(1/2). Let m(b) = 4*b + 10. Let h be m(-12). Is n/(1*(-2)/h) prime?
False
Let m = 17 + -15. Is m/(-1)*(-1588)/8 a prime number?
True
Let t(m) be the second derivative of -m**4/12 - 3*m**3/2 + 5*m**2/2 - 6*m. Is t(-7) prime?
True
Suppose 4*t - 6*t + 4858 = 0. Is t prime?
False
Suppose 0 = -11*t + 7*t + 89928. Is t/30 - 4/10 composite?
True
Let s(q) = -q**3 + 7*q**2 - 3*q + 3. Is s(4) composite?
True
Suppose 5*i - 510 = 3*d + 2*d, -4*i + 398 = -2*d. Is i a composite number?
False
Let g = -207 - -684. Suppose -g = 3*u + 81. Let x = u - -319. Is x a prime number?
False
Suppose v - 4487 = -4*m, 0 = 5*m - 2*v - 3*v - 5640. Is m a prime number?
True
Is (-3 + 8 - (2 + -2))*83 prime?
False
Suppose 13 = -5*q - 2. Let o = 1 + q. Is 25 - -4*1/o composite?
False
Let v(w) = 5*w**3 - w**3 - 6*w - 1 + 7*w. Let g be v(1). Suppose -320 = -r - 3*r + g*h, -r + 74 = -4*h. Is r a prime number?
False
Let l be (1/2)/(2/24). Let v(m) = m**3 + 8*m**2 + 3*m - 2. Let b be v(-4). Suppose b = -c + l*c. Is c prime?
False
Suppose 3387 = 5*a - 2*b, -3*b + 360 = 3*a - 1689. Is a prime?
False
Let j(z) = 6*z + 5*z - 4 - 16*z + 3*z**2. Is j(6) a prime number?
False
Let o be (-8)/(-44) + 62/22. Suppose -20 = -o*j - 2*j. Suppose -4*m - 3*k + j*k + 46 = 0, 4*k - 36 = -4*m. Is m a composite number?
False
Let x = -1314 - -2059. Is x a composite number?
True
Suppose -5*q + 2913 = -p, -8 = -4*p - 0*p. Is q a composite number?
True
Is 4242/35 - 2/10 a prime number?
False
Suppose 1305 = -9*u + 4*u. Let j = u + 460. Is j a prime number?
True
Is -2*(-1099 - (-4)/2) - -1 a prime number?
False
Let x be 3 - (-25 + 3 + -2). Suppose q + x - 406 = 0. Is q a prime number?
True
Let n(u) = 9*u**2 + 2*u. Let f be n(3). Suppose -120 - f = -3*l. Is l prime?
False
Let z(t) = -156*t - 5. Is z(-2) composite?
False
Suppose -5*k + 20 = -80. Suppose 2*o = 4*o + k. Is (-105)/(-25)*o/(-2) prime?
False
Suppose -3*q - 13 = 5*w, -4*w - 3 - 7 = 2*q. Is (-13)/(-2)*(1 - q) prime?
True
Let w(c) = 7*c**3 - 2*c**2 - c + 1. Is w(5) a composite number?
False
Is (-1 + 1403)*(-7)/(-14) prime?
True
Suppose -5*p = -2*p - 9. Suppose 2*w - 5*h = 32 + 271, -295 = -2*w - p*h. Is w a prime number?
True
Let l be (-2)/5 - (-308)/(-55). Let g = -15 - -24. Is ((-741)/g)/(2/l) composite?
True
Suppose d + d - 718 = 0. Is d composite?
False
Suppose 3*f = 3*b + 54, -b + f = -2*b - 18. Let r = b - -49. Suppose 0 = 2*v + r - 75. Is v composite?
True
Suppose 2*i = -0*i - 126. Let b = i - -112. Is b a composite number?
True
Let n = -1543 + 4376. Is n composite?
False
Let s = 611 - 324. Is s prime?
False
Let r(t) = t + 221. Is r(0) a composite number?
True
Is (-1)/((-4525)/1130 + 4) prime?
False
Let f(w) = 7*w**2 - 4*w - 10. Let o(x) = 6*x**2 - 3*x - 9. Let l(j) = 5*f(j) - 6*o(j). Let m be l(-4). Let k(a) = 2*a**2 - a - 5. Is k(m) a prime number?
True
Let n = -202 - -351. Is n a composite number?
False
Let u(v) = 6*v**2 + 7*v - 20. Let c be u(8). Suppose -5*s + 4*s + 5*d = -92, c = 5*s - 5*d. Is s composite?
True
Is (21 - 24)/((-2)/118) a prime number?
False
Let f(g) = g**2 + 8*g + 4. Let o be f(-8). Suppose -2*c - 178 = -o*c. Is c prime?
True
Let d = 1 - -3. Let a(o) = -o**2 + 5*o - 2. Is a(d) a prime number?
True
Let j(y) = -y**2 - 9*y - 1. Is j(-4) a prime number?
True
Suppose -2*x - 2*k - 10 = -4*x, 2*x = -2*k + 2. Suppose -5*d = -2*s + 554, -x*s + 3*d + 546 = -s. Is s a composite number?
True
Let r = 118 + -22. Suppose -t - t = 4*m - 106, 0 = -2*t - 2*m + r. Is -2*-1*t/2 prime?
True
Suppose 7*m - 3*m - 5396 = 0. Is m composite?
True
Let i be -2 + 1/(-1) + 3. Suppose i = g + 2 - 8. Let m = -4 + g. Is m composite?
False
Is (0 + -1)*(-27 + -118) prime?
False
Is (-1 + 0)/(1 + (-820)/818) prime?
True
Is (2/(-2)*3)/(33/(-20911)) a prime number?
True
Suppose -4*i = -2*i + 1000. Let d = 347 + i. Let p = d + 240. Is p composite?
True
Let h(f) = -f + 1. Let i be h(-4). Let j = 78 + i. Is j prime?
True
Let u = 1751 + -856. Is u composite?
True
Suppose 0 = -3*x + 1 + 344. Is x composite?
True
Let k be 0 + 2 + -2 + 0. Let m(s) = s - 4. Let f be m(5). Is k - (-5 - (f + 1)) a prime number?
True
Let r = 646 + -327. Is r a prime number?
False
Let c = -5 + 166. Let v = 238 + -126. Let m = c - v. Is m composite?
True
Suppose 5*o = -133 + 713. Let m = o + 75. Is m a prime number?
True
Let x = 95 - 80. Is x prime?
False
Let f(z) = 4*z**2 - 5*z + 18. Is f(-11) composite?
False
Let d = 4 - 1. Is (-3 - (-2)/d)*-111 a prime number?
False
Is ((3 - 3) + -1)*(-485)/1 composite?
True
Let w(j) = -7*j + 2*j**2 + 7*j + 5. Let c(u) = u - 2. Let s be c(-2). Is w(s) prime?
True
Let z(x) = -688*x**3 + x**2 - x - 1. Let a be z(-1). Suppose -a = -2*y + 3*p, p - 332 = -0*y - y. Suppose -t + 125 = 4*f - 132, 5*f - 4*t - y = 0. Is f prime?
False
Let c be 2/(-9) - 2/(-9). Suppose 5*a - 52 - 18 = c. Is a composite?
True
Let r(t) = 26*t**2 + 11*t + 5. Is r(8) a composite number?
True
Let n(r) = 129*r + 23. Is n(6) a prime number?
True
Let w be (-4)/(-6) + 1318/(-6). Is (-1)/(-4) - w/4 composite?
True
Suppose -4*b + 10 = b. Let y be 1 + 7 - (-4 + b). Is (18/y - -1)*5 a prime number?
False
Let d(t) = t**3 - 4*t**2 - 2*t - 15. Is d(10) a composite number?
True
Let q(k) = 2*k**2 + k + 211. Is q(0) composite?
False
Let d(b) = -2*b**2 + 6*b + 4. Let r be d(7). Let c be (-2)/8 + r/(-16). Is (182/(-6))/((-1)/c) a prime number?
False
Suppose s = l - 500 + 100, -s + 1982 = 5*l. Is l a prime number?
True
Let v(m) = 25*m**2 - 4*m + 5. Let s be v(4). Let w = s - 270. Is w a prime number?
False
Suppose 7*s - 2*s = k + 27, 10 = 2*s. Let v(u) be the first derivative of -5*u**4/4 - 2*u**3/3 - 2*u**2 - 3*u - 6. Is v(k) prime?
True
Let d(c) = -c**3 - 3*c**2 + 4*c + 2. Let n be d(-4). Let o be (n - 5)/(1/(-2)). Suppose 0 = 2*q + 8, -5*q = l - o*l + 295. Is l a prime number?
False
Let a(v) = 2*v**3 - 3*v**2 + v - 2. Let h be a(2). Suppose -130 = -3*o - 4*t, -h*o = -3*t + 6*t - 178. Is o a prime number?
False
Let f(l) = -55*l - 2. Is f(-1) prime?
True
Let h be (-1)/((-3)/1770) + 3. Suppose s + 146 = t - 0*s, h = 4*t - s. Is t a composite number?
False
Is ((3 + -7)/4)/((-2)/12106) composite?
False
Let h(o) = 19*o + 9. Is h(6) a composite number?
True
Let h = 16 - 7. Suppose -j + 3 = 4*s, 2*s + 3*j - h = -0*s. Suppose 2*m - 18 = -s*m. Is m composite?
True
Suppose 0 = 4*n